p and l.
9
Let i(n) = -n + 2. Let h be i(-2). Suppose 6*g = h*g + 18. Let u = -13 - -22. What is the greatest common divisor of g and u?
9
Let k be -80*(4 - 352/40). What is the highest common divisor of 12 and k?
12
Let v = -22 - -25. Let m(w) = 5*w**2 - 7*w**3 + 4*w**v + 2*w**3 - 4 + 2. Let q be m(4). What is the greatest common factor of q and 2?
2
Suppose c - 2 = -0. Suppose -c*i = -g - 2*g + 5, -2*i = 2*g. Let x be g/(-5) - 7365/(-75). What is the highest common factor of 14 and x?
14
Let x = -58 - -70. Let y = 91 - 31. Calculate the greatest common divisor of y and x.
12
Suppose 3*n = 15 - 0. Suppose -3*p + 5*r + 15 = 2*p, 25 = n*r. Suppose -d - 2 = -p. Calculate the highest common factor of d and 6.
6
Let n = -140 - -81. Let t = 72 + n. What is the greatest common factor of t and 104?
13
Suppose -7*d = 5*d + 58176. Let a be d/(-54) - (-4)/18. Calculate the greatest common divisor of 9 and a.
9
Suppose -5*j - 10 = 5*s - 0*j, 5*s - 5 = -2*j. Suppose l - 26 - 84 = -s*r, -l = -5*r + 178. Calculate the greatest common factor of r and 60.
12
Let k = 899 - 743. What is the highest common factor of k and 390?
78
Suppose 0 = 2*s - 3*s + 6. Let k(a) = a**3 - 11*a**2 + 6*a. Let d be k(11). Calculate the highest common divisor of d and s.
6
Suppose -5*r = 4*r - 45. Suppose -65 = c - 66. What is the highest common divisor of r and c?
1
Let g(w) = w + 8. Let f be g(-8). Let t be 1 + (-2 + -34)/(-2). Suppose 3*k - 47 - t = f. Calculate the highest common divisor of k and 22.
22
Suppose -180 = 5*b - 11*b. Calculate the highest common divisor of 15 and b.
15
Let f be (3556/(-6))/(-7) - (-5)/15. What is the greatest common factor of 680 and f?
85
Suppose z + z + 40 = 4*q, -10 = -2*q - 4*z. Calculate the highest common factor of 81 and q.
9
Let l(p) = -p - 11. Let n be l(-8). Let q = 6 + n. Suppose 0 = q*j - 34 + 7. What is the highest common factor of 99 and j?
9
Let d = 573 + -485. Calculate the highest common factor of 88 and d.
88
Let p = 24 - 41. Suppose -2*w + 4*r = -52, -w + 30 = -r - 2*r. Let u = p + w. What is the highest common factor of u and 1?
1
Let r be 957/9 + 4/6. Suppose -2*k - 35 + r = 0. What is the highest common factor of 24 and k?
12
Let h be -2 - (4*8)/(-4). Let r(c) = -h*c - 6*c**2 + c**3 - 2*c**3 - 10 + 2*c - c**2. Let n be r(-7). Calculate the greatest common divisor of n and 45.
9
Let t(r) = 4*r**2 + 8. Let u be t(0). What is the greatest common divisor of u and 24?
8
Suppose 6*r - 2*w - 12 = 3*r, -4*r + w + 11 = 0. Let y be (19 - 0) + 4/(-2 - r). What is the highest common factor of 9 and y?
9
Suppose 5*k - 44 = j, -2*k = -k - 4*j - 24. Let n be (-1)/k + (-226)/(-16). What is the greatest common divisor of n and 35?
7
Let y(p) = 2*p**2 + 9*p - 243. Let s be y(13). Calculate the highest common divisor of s and 1378.
106
Suppose -z - 33*u + 674 = -31*u, 0 = 4*z + 5*u - 2693. Calculate the greatest common factor of 21 and z.
21
Let f = -62 - -208. Suppose 466 - f = 4*i. Calculate the highest common factor of i and 16.
16
Suppose -26*j = -12*j - 364. Calculate the greatest common factor of j and 325.
13
Let u = -13 + -42. Let z = u - -77. Suppose 0 = -3*t - 6*w + 8*w + 68, 0 = -5*t + 4*w + 114. What is the highest common factor of t and z?
22
Suppose -2*u = 3*u - 250. Let d be 5/u + 792/80. Let b(i) = -2*i. Let w be b(-2). Calculate the greatest common factor of d and w.
2
Suppose -v - 109 = -3*k + 277, -16 = -4*v. What is the greatest common divisor of k and 52?
26
Suppose 14*c - 5 - 37 = 0. Suppose -5*i - c*g - 31 = -79, 2*i = 4*g + 40. What is the greatest common divisor of 3 and i?
3
Suppose -a - 92 + 23 = -4*r, 2*r - 27 = 3*a. Let l = -2 + r. Suppose -3*n + 6 = 0, -2*n = -4*o + 3 + 25. Calculate the greatest common divisor of o and l.
8
Let x(i) = 2*i**3 + 16*i**2 + 13*i + 4. Let t be x(-6). Suppose -62 = -6*g + t. What is the highest common divisor of g and 88?
22
Let f(a) = 41*a - 27. Let u(h) = -81*h + 54. Let b(d) = 5*f(d) + 2*u(d). Let k be b(6). Calculate the highest common divisor of k and 33.
33
Let t(l) = l**3 + 9*l**2 - 21*l + 18. Let i be t(8). What is the highest common factor of i and 42?
14
Suppose 3 + 16 = -h. Let l = h + 31. Suppose 5*p + 62 + 153 = 5*a, -4*p = 4*a - 212. Calculate the greatest common divisor of a and l.
12
Suppose s + 1 = 3*t, 5*t + 3*s = -s + 30. Let h be (-18)/(-30) + (57/5 - t). What is the greatest common factor of 140 and h?
10
Suppose 22 = 5*b + 2*j, -b - j + 6*j = 1. Suppose -56 = -b*p - 4*o - o, -p + 17 = 2*o. Suppose 19 = 2*v + 7. What is the highest common divisor of p and v?
3
Let j be (-1527)/(-18) + 2/12. Let r(y) = y**3 + 4*y**2 - 6*y + 12. Let c be r(-5). What is the greatest common divisor of c and j?
17
Suppose -704 = -3*z + z. Let p = z + -224. What is the greatest common factor of 32 and p?
32
Let k(j) = -j + 35. Let q be k(13). What is the highest common factor of 2 and q?
2
Suppose 98 = -25*o + 27*o. What is the greatest common factor of o and 245?
49
Let v = 26 - 13. Let h be (1 + 0)/(-3 + 2694/897). What is the greatest common divisor of h and v?
13
Let b be 2 + -1 - (3 - 22). Let z(a) = -249*a - 1852. Let w be z(-8). Calculate the greatest common divisor of w and b.
20
Let h = -4 + 84. What is the highest common divisor of 176 and h?
16
Let i be -2*16/1*-5. What is the greatest common factor of i and 200?
40
Suppose 4*q - 44 = m + 108, 0 = -3*q - 5*m + 137. Let u = -1 - -6. Let b(a) = 4*a - 7. Let l be b(u). Calculate the highest common factor of q and l.
13
Suppose -1286 = -4*o + 5*k, -3*o = 22*k - 21*k - 955. Calculate the greatest common factor of o and 11.
11
Let j = -133 + 211. Calculate the highest common factor of 130 and j.
26
Suppose 0*y + 9 = 3*y. Suppose -3*l = -4*a + 14, 8 = y*a - l - 0*l. Suppose 2 = a*q - 30. Calculate the highest common divisor of q and 40.
8
Suppose -d + 66 = 5*b, 3*d - 22 = 2*b - 62. Calculate the highest common factor of 126 and b.
14
Let j = 27 - 7. Suppose 5*t = o - 6 - 4, j = 3*o - 5*t. What is the greatest common factor of 10 and o?
5
Let a be (-28)/(-2) + 8 + -4 + -6. Let m be 18*((-9)/(-3) - 2). What is the greatest common divisor of m and a?
6
Let f(y) = 15*y - 5. Let n be f(4). Let b(m) be the second derivative of m**3/6 + 5*m**2 - 7*m. Let w be b(12). What is the highest common factor of w and n?
11
Suppose -5*m = 5*s - 9484 - 1611, -4*s + 5*m = -8885. Calculate the highest common divisor of s and 60.
60
Let o = 196 - 52. What is the highest common factor of 27 and o?
9
Let t(n) = 3*n**2 - n - 6. Let m(c) = -c**2 + 3*c + 4. Let f be m(0). Let k be t(f). Calculate the greatest common factor of k and 76.
38
Let l(k) = -k + 149. Let f be l(0). Suppose -7*r + f + 61 = 0. Suppose -y + r = y. What is the highest common divisor of 30 and y?
15
Suppose 19*q - 10*q - 261 = 0. What is the greatest common factor of q and 58?
29
Suppose -z + 10 = -3*m + 4*z, -3*m + 30 = 3*z. What is the highest common factor of 55 and m?
5
Let f = 36 + -35. Suppose 0 = -4*z + b + 7 - f, 0 = 5*z - 5*b - 15. Let t be z + -2 + 52 + 3. What is the greatest common factor of t and 18?
18
Suppose 333 = 5*q + 53. Let w = 4 - 0. Suppose 0 = -w*h + 5*h - 14. Calculate the highest common factor of h and q.
14
Suppose -5*o = -5 - 5. Let y be (22/(-1))/(o/(-8)). Suppose -5*i + 113 = -q, 2*q - 5 = -i + 11. What is the highest common divisor of i and y?
22
Let d = 257 - 143. Let k = d + -106. What is the highest common factor of k and 128?
8
Let z be 1/(1/(-7)*(-35)/50). Suppose 8 + z = x. What is the highest common divisor of x and 18?
18
Let k = -437 + 486. Calculate the greatest common divisor of 1421 and k.
49
Let v be 1*(2 - -1)*299. Suppose 5*w - 2*w = v. Let i = w - 124. What is the greatest common divisor of 25 and i?
25
Suppose -5*x + 140 = -5*h, -4*x = -0*x + 3*h - 140. Let d(k) = k - 2. Let n be d(6). What is the highest common factor of n and x?
4
Let m = 323 + -253. What is the greatest common factor of m and 10?
10
Suppose 1 - 5 = 4*q. Let w be (12/(-7))/(q/21). Calculate the greatest common factor of w and 90.
18
Let n(h) = h**3 + 5*h**2 - 2*h - 7. Let i be n(-5). Let x be 4/i + (-55)/(-33). Calculate the highest common factor of x and 9.
3
Let i = 434 - 411. Calculate the highest common factor of i and 667.
23
Let n = -78 + 123. Calculate the highes